{"id":54,"date":"2025-11-08T05:28:16","date_gmt":"2025-11-08T05:28:16","guid":{"rendered":"https:\/\/soya1s.site\/?page_id=54"},"modified":"2025-11-11T13:11:31","modified_gmt":"2025-11-11T13:11:31","slug":"trang-chu","status":"publish","type":"page","link":"https:\/\/soya1s.site\/","title":{"rendered":"Trang Ch\u1ee7"},"content":{"rendered":"\n\n\t<section class=\"section\" id=\"section_185909533\">\n\t\t<div class=\"section-bg fill\" >\n\t\t\t\t\t\t\t<div class=\"video-overlay no-click fill visible\"><\/div>\n\t<video class=\"video-bg fill visible\" preload playsinline autoplay muted loop>\n\t\t<source src=\"https:\/\/soya1s.site\/wp-content\/uploads\/2025\/11\/Landing-page-BG.webm\" type=\"video\/webm\">\t<\/video>\n\t\t\t<div class=\"loading-spin centered\"><\/div>\n\t\t\t\n\n\t\t<\/div>\n\n\t\t\n\n\t\t<div class=\"section-content relative\">\n\t\t\t\n\n<div class=\"is-divider divider clearfix\" style=\"margin-top:0px;margin-bottom:0px;max-width:0px;height:250px;\"><\/div>\n\n<div class=\"row align-center\"  id=\"row-353782283\">\n\n\n\t<div id=\"col-1338144439\" class=\"col medium-4 small-4 large-4\"  >\n\t\t\t\t<div class=\"col-inner\"  >\n\t\t\t\n\t<div class=\"is-border\"\n\t\tstyle=\"border-width:0px 0px 0px 0px;margin:0px 0px 0px 0px;\">\n\t<\/div>\n\t\t\t\n\n\t<div class=\"img has-hover x md-x lg-x y md-y lg-y\" id=\"image_1413346529\">\n\t\t<a class=\"\" href=\"https:\/\/spbetvn01.com\/vit\/home\/index\/inplay?code=10197&#038;isReg=1\" >\t\t\t\t\t\t<div class=\"img-inner dark\" style=\"margin:0px 0px -20px 0px;\">\n\t\t\t<img decoding=\"async\" width=\"300\" height=\"300\" src=\"https:\/\/soya1s.site\/wp-content\/uploads\/2025\/11\/3-icon-ani-1.gif\" class=\"attachment-medium size-medium\" alt=\"\" \/>\t\t\t\t\t\t\n\t\t\t\t\t<\/div>\n\t\t\t\t\t\t<\/a>\t\t\n<style>\n#image_1413346529 {\n  width: 100%;\n}\n<\/style>\n\t<\/div>\n\t\n\n\t<div id=\"text-3776753306\" class=\"text\">\n\t\t\n\n<p style=\"text-align: center;\"><strong>An to\u00e0n &amp; B\u1ea3o m\u1eadt<\/strong><\/p>\n\t\t\n<style>\n#text-3776753306 {\n  color: rgb(255, 255, 255);\n}\n#text-3776753306 > * {\n  color: rgb(255, 255, 255);\n}\n<\/style>\n\t<\/div>\n\t\n\n\t\t<\/div>\n\t\t\t\t\t<\/div>\n\n\t\n\n\t<div id=\"col-674866668\" class=\"col medium-4 small-4 large-4\"  >\n\t\t\t\t<div class=\"col-inner\"  >\n\t\t\t\n\t\t\t\n\n\t<div class=\"img has-hover x md-x lg-x y md-y lg-y\" id=\"image_738506958\">\n\t\t<a class=\"\" href=\"https:\/\/spbetvn01.com\/vit\/home\/index\/inplay?code=10197&#038;isReg=1\" >\t\t\t\t\t\t<div class=\"img-inner dark\" style=\"margin:0px 0px -20px 0px;\">\n\t\t\t<img decoding=\"async\" width=\"300\" height=\"300\" src=\"https:\/\/soya1s.site\/wp-content\/uploads\/2025\/11\/3-icon-ani-nap-rut.gif\" class=\"attachment-medium size-medium\" alt=\"\" \/>\t\t\t\t\t\t\n\t\t\t\t\t<\/div>\n\t\t\t\t\t\t<\/a>\t\t\n<style>\n#image_738506958 {\n  width: 100%;\n}\n<\/style>\n\t<\/div>\n\t\n\n\t<div id=\"text-1826543780\" class=\"text\">\n\t\t\n\n<p style=\"text-align: center;\"><strong>N\u1ea1p r\u00fat nhanh ch\u00f3ng<\/strong><\/p>\n\t\t\n<style>\n#text-1826543780 {\n  text-align: center;\n  color: rgb(255, 255, 255);\n}\n#text-1826543780 > * {\n  color: rgb(255, 255, 255);\n}\n<\/style>\n\t<\/div>\n\t\n\n\t\t<\/div>\n\t\t\t\t\n<style>\n#col-674866668 > .col-inner {\n  margin: 0px 0px 0px 0px;\n}\n<\/style>\n\t<\/div>\n\n\t\n\n\t<div id=\"col-325486397\" class=\"col medium-4 small-4 large-4\"  >\n\t\t\t\t<div class=\"col-inner\"  >\n\t\t\t\n\t\t\t\n\n\t<div class=\"img has-hover x md-x lg-x y md-y lg-y\" id=\"image_1900523517\">\n\t\t<a class=\"\" href=\"https:\/\/spbetvn01.com\/vit\/home\/index\/inplay?code=10197&#038;isReg=1\" >\t\t\t\t\t\t<div class=\"img-inner dark\" style=\"margin:0px 0px -20px 0px;\">\n\t\t\t<img decoding=\"async\" width=\"300\" height=\"300\" src=\"https:\/\/soya1s.site\/wp-content\/uploads\/2025\/11\/3-icon-ani-game.gif\" class=\"attachment-medium size-medium\" alt=\"\" \/>\t\t\t\t\t\t\n\t\t\t\t\t<\/div>\n\t\t\t\t\t\t<\/a>\t\t\n<style>\n#image_1900523517 {\n  width: 100%;\n}\n<\/style>\n\t<\/div>\n\t\n\n\t<div id=\"text-3646665769\" class=\"text\">\n\t\t\n\n<p style=\"text-align: center;\"><strong>\u0110a d\u1ea1ng tr\u00f2 ch\u01a1i<\/strong><\/p>\n\t\t\n<style>\n#text-3646665769 {\n  text-align: center;\n  color: rgb(255, 255, 255);\n}\n#text-3646665769 > * {\n  color: rgb(255, 255, 255);\n}\n<\/style>\n\t<\/div>\n\t\n\n\t\t<\/div>\n\t\t\t\t\n<style>\n#col-325486397 > .col-inner {\n  margin: 0px 0px 0px 0px;\n}\n<\/style>\n\t<\/div>\n\n\t\n\n<\/div>\n<div class=\"slider-wrapper relative\" id=\"slider-1153749050\" >\n    <div class=\"slider slider-nav-circle slider-nav-normal slider-nav-light slider-style-normal\"\n        data-flickity-options='{\n            \"cellAlign\": \"center\",\n            \"imagesLoaded\": true,\n            \"lazyLoad\": 1,\n            \"freeScroll\": true,\n            \"wrapAround\": true,\n            \"autoPlay\": 1200,\n            \"pauseAutoPlayOnHover\" : true,\n            \"prevNextButtons\": false,\n            \"contain\" : true,\n            \"adaptiveHeight\" : true,\n            \"dragThreshold\" : 10,\n            \"percentPosition\": true,\n            \"pageDots\": true,\n            \"rightToLeft\": false,\n            \"draggable\": true,\n            \"selectedAttraction\": 0.1,\n            \"parallax\" : 0,\n            \"friction\": 0.6        }'\n        >\n        \n\n\t<div class=\"img has-hover x md-x lg-x y md-y lg-y\" id=\"image_2058064831\">\n\t\t\t\t\t\t\t\t<div class=\"img-inner dark\" style=\"margin:0px 20px 0px 20px;\">\n\t\t\t<img decoding=\"async\" width=\"1020\" height=\"574\" src=\"https:\/\/soya1s.site\/wp-content\/uploads\/2025\/11\/1600x900-FC-SOI-DONG-1024x576.webp\" class=\"attachment-large size-large\" alt=\"\" srcset=\"https:\/\/soya1s.site\/wp-content\/uploads\/2025\/11\/1600x900-FC-SOI-DONG-1024x576.webp 1024w, https:\/\/soya1s.site\/wp-content\/uploads\/2025\/11\/1600x900-FC-SOI-DONG-300x169.webp 300w, https:\/\/soya1s.site\/wp-content\/uploads\/2025\/11\/1600x900-FC-SOI-DONG-768x432.webp 768w, https:\/\/soya1s.site\/wp-content\/uploads\/2025\/11\/1600x900-FC-SOI-DONG-1536x864.webp 1536w, https:\/\/soya1s.site\/wp-content\/uploads\/2025\/11\/1600x900-FC-SOI-DONG.webp 1600w\" sizes=\"(max-width: 1020px) 100vw, 1020px\" \/>\t\t\t\t\t\t\n\t\t\t\t\t<\/div>\n\t\t\t\t\t\t\t\t\n<style>\n#image_2058064831 {\n  width: 100%;\n}\n<\/style>\n\t<\/div>\n\t\n\n\t<div class=\"img has-hover x md-x lg-x y md-y lg-y\" id=\"image_1682299659\">\n\t\t\t\t\t\t\t\t<div class=\"img-inner dark\" style=\"margin:0px 20px 0px 20px;\">\n\t\t\t<img decoding=\"async\" width=\"1600\" height=\"900\" src=\"https:\/\/soya1s.site\/wp-content\/uploads\/2025\/11\/1600x900-Hoi-ngo-no-hu-ban-ca.webp\" class=\"attachment-original size-original\" alt=\"\" srcset=\"https:\/\/soya1s.site\/wp-content\/uploads\/2025\/11\/1600x900-Hoi-ngo-no-hu-ban-ca.webp 1600w, https:\/\/soya1s.site\/wp-content\/uploads\/2025\/11\/1600x900-Hoi-ngo-no-hu-ban-ca-300x169.webp 300w, https:\/\/soya1s.site\/wp-content\/uploads\/2025\/11\/1600x900-Hoi-ngo-no-hu-ban-ca-1024x576.webp 1024w, https:\/\/soya1s.site\/wp-content\/uploads\/2025\/11\/1600x900-Hoi-ngo-no-hu-ban-ca-768x432.webp 768w, https:\/\/soya1s.site\/wp-content\/uploads\/2025\/11\/1600x900-Hoi-ngo-no-hu-ban-ca-1536x864.webp 1536w\" sizes=\"(max-width: 1600px) 100vw, 1600px\" \/>\t\t\t\t\t\t\n\t\t\t\t\t<\/div>\n\t\t\t\t\t\t\t\t\n<style>\n#image_1682299659 {\n  width: 100%;\n}\n<\/style>\n\t<\/div>\n\t\n\n\t<div class=\"img has-hover x md-x lg-x y md-y lg-y\" id=\"image_797961575\">\n\t\t\t\t\t\t\t\t<div class=\"img-inner dark\" style=\"margin:0px 20px 0px 20px;\">\n\t\t\t<img decoding=\"async\" width=\"1600\" height=\"900\" src=\"https:\/\/soya1s.site\/wp-content\/uploads\/2025\/11\/1600x900-VND-Thuong-doanh-thu-cuoc-the-thao-hang-tuan.webp\" class=\"attachment-original size-original\" alt=\"\" srcset=\"https:\/\/soya1s.site\/wp-content\/uploads\/2025\/11\/1600x900-VND-Thuong-doanh-thu-cuoc-the-thao-hang-tuan.webp 1600w, https:\/\/soya1s.site\/wp-content\/uploads\/2025\/11\/1600x900-VND-Thuong-doanh-thu-cuoc-the-thao-hang-tuan-300x169.webp 300w, https:\/\/soya1s.site\/wp-content\/uploads\/2025\/11\/1600x900-VND-Thuong-doanh-thu-cuoc-the-thao-hang-tuan-1024x576.webp 1024w, https:\/\/soya1s.site\/wp-content\/uploads\/2025\/11\/1600x900-VND-Thuong-doanh-thu-cuoc-the-thao-hang-tuan-768x432.webp 768w, https:\/\/soya1s.site\/wp-content\/uploads\/2025\/11\/1600x900-VND-Thuong-doanh-thu-cuoc-the-thao-hang-tuan-1536x864.webp 1536w\" sizes=\"(max-width: 1600px) 100vw, 1600px\" \/>\t\t\t\t\t\t\n\t\t\t\t\t<\/div>\n\t\t\t\t\t\t\t\t\n<style>\n#image_797961575 {\n  width: 100%;\n}\n<\/style>\n\t<\/div>\n\t\n\n\t<div class=\"img has-hover x md-x lg-x y md-y lg-y\" id=\"image_2089877640\">\n\t\t\t\t\t\t\t\t<div class=\"img-inner dark\" style=\"margin:0px 20px 0px 20px;\">\n\t\t\t<img decoding=\"async\" width=\"640\" height=\"360\" src=\"https:\/\/soya1s.site\/wp-content\/uploads\/2025\/11\/des-640x360-1.jpg\" class=\"attachment-original size-original\" alt=\"\" srcset=\"https:\/\/soya1s.site\/wp-content\/uploads\/2025\/11\/des-640x360-1.jpg 640w, https:\/\/soya1s.site\/wp-content\/uploads\/2025\/11\/des-640x360-1-300x169.jpg 300w\" sizes=\"(max-width: 640px) 100vw, 640px\" \/>\t\t\t\t\t\t\n\t\t\t\t\t<\/div>\n\t\t\t\t\t\t\t\t\n<style>\n#image_2089877640 {\n  width: 100%;\n}\n<\/style>\n\t<\/div>\n\t\n\n\n     <\/div>\n\n     <div class=\"loading-spin dark large centered\"><\/div>\n\n\t<\/div>\n\n\n\n\t\t<\/div>\n\n\t\t\n<style>\n#section_185909533 {\n  padding-top: 20px;\n  padding-bottom: 20px;\n  background-color: rgb(11, 25, 44);\n}\n@media (min-width:550px) {\n  #section_185909533 {\n    padding-top: 30px;\n    padding-bottom: 30px;\n  }\n}\n<\/style>\n\t<\/section>\n\t\n\n\t<section class=\"section\" id=\"section_1246539772\">\n\t\t<div class=\"section-bg fill\" >\n\t\t\t\t\t\t\t\t\t\n\t\t\t\n\n\t\t<\/div>\n\n\t\t\n\n\t\t<div class=\"section-content relative\">\n\t\t\t\n\n<div class=\"row\"  id=\"row-1654362944\">\n\n\n\t<div id=\"col-2032761160\" class=\"col large-12\"  >\n\t\t\t\t<div class=\"col-inner text-center\"  >\n\t\t\t\n\t\t\t\n\n\n\n<a href=\"https:\/\/spbetvn01.com\/vit\/home\/index\/inplay?code=10197&#038;isReg=1\" \n   class=\"highlight-button\" \n   target=\"_blank\" \n   rel=\"noopener noreferrer\">\n   LINK \u0110\u0102NG K\u00dd &#8211; SP8BETT.NET\n<\/a>\n\n\n\t\t<\/div>\n\t\t\t\t\n<style>\n#col-2032761160 > .col-inner {\n  margin: 0px 0px -20px 0px;\n}\n<\/style>\n\t<\/div>\n\n\t\n\n<\/div>\n<div class=\"container section-title-container\" ><h3 class=\"section-title section-title-center\"><b><\/b><span class=\"section-title-main\" style=\"color:rgb(0, 255, 255);\"><i class=\"icon-certificate\" ><\/i>SP8BET \u2013 N\u1ec1n t\u1ea3ng gi\u1ea3i tr\u00ed \u0111\u1eb3ng c\u1ea5p ch\u00e2u \u00c1<\/span><b><\/b><\/h3><\/div>\n\n\t<div id=\"text-3187799018\" class=\"text\">\n\t\t\n\n<p style=\"margin-left: 20px; margin-right: 20px; text-align: justify;\">\n SP8BET mang \u0111\u1ebfn tr\u1ea3i nghi\u1ec7m c\u00e1 c\u01b0\u1ee3c an to\u00e0n \u2013 n\u1ea1p r\u00fat nhanh \u2013 \u0111a d\u1ea1ng tr\u00f2 ch\u01a1i. V\u1edbi gi\u1ea5y ph\u00e9p ho\u1ea1t \u0111\u1ed9ng qu\u1ed1c t\u1ebf, SP8BET cam k\u1ebft b\u1ea3o m\u1eadt tuy\u1ec7t \u0111\u1ed1i v\u00e0 minh b\u1ea1ch trong t\u1eebng giao d\u1ecbch.\n<\/p>\n\t\t\n<style>\n#text-3187799018 {\n  color: rgb(255, 255, 255);\n}\n#text-3187799018 > * {\n  color: rgb(255, 255, 255);\n}\n<\/style>\n\t<\/div>\n\t\n<div class=\"container section-title-container\" ><h3 class=\"section-title section-title-center\"><b><\/b><span class=\"section-title-main\" style=\"color:rgb(0, 255, 255);\"><i class=\"icon-certificate\" ><\/i>KHUY\u1ebeN M\u00c3I CHO THANH VI\u00caN SP8BET<\/span><b><\/b><\/h3><\/div>\n\n<div class=\"row\"  id=\"row-1210879528\">\n\n\n\t<div id=\"col-1553176104\" class=\"col medium-6 small-6 large-6\"  >\n\t\t\t\t<div class=\"col-inner\"  >\n\t\t\t\n\t\t\t\n\n\t<div class=\"img has-hover x md-x lg-x y md-y lg-y\" id=\"image_159685725\">\n\t\t<a class=\"\" href=\"https:\/\/spbetvn01.com\/vit\/home\/index\/inplay?code=10197&#038;isReg=1\" >\t\t\t\t\t\t<div class=\"img-inner dark\" >\n\t\t\t<img decoding=\"async\" width=\"449\" height=\"276\" src=\"https:\/\/soya1s.site\/wp-content\/uploads\/2025\/11\/dang-ky-88.png\" class=\"attachment-large size-large\" alt=\"\" srcset=\"https:\/\/soya1s.site\/wp-content\/uploads\/2025\/11\/dang-ky-88.png 449w, https:\/\/soya1s.site\/wp-content\/uploads\/2025\/11\/dang-ky-88-300x184.png 300w\" sizes=\"(max-width: 449px) 100vw, 449px\" \/>\t\t\t\t\t\t\n\t\t\t\t\t<\/div>\n\t\t\t\t\t\t<\/a>\t\t\n<style>\n#image_159685725 {\n  width: 100%;\n}\n<\/style>\n\t<\/div>\n\t\n\n\t<div class=\"img has-hover x md-x lg-x y md-y lg-y\" id=\"image_217539032\">\n\t\t<a class=\"\" href=\"https:\/\/spbetvn01.com\/vit\/home\/index\/inplay?code=10197&#038;isReg=1\" >\t\t\t\t\t\t<div class=\"img-inner dark\" >\n\t\t\t<img decoding=\"async\" width=\"449\" height=\"276\" src=\"https:\/\/soya1s.site\/wp-content\/uploads\/2025\/11\/choi-sanh-fc.png\" class=\"attachment-large size-large\" alt=\"\" srcset=\"https:\/\/soya1s.site\/wp-content\/uploads\/2025\/11\/choi-sanh-fc.png 449w, https:\/\/soya1s.site\/wp-content\/uploads\/2025\/11\/choi-sanh-fc-300x184.png 300w\" sizes=\"(max-width: 449px) 100vw, 449px\" \/>\t\t\t\t\t\t\n\t\t\t\t\t<\/div>\n\t\t\t\t\t\t<\/a>\t\t\n<style>\n#image_217539032 {\n  width: 100%;\n}\n<\/style>\n\t<\/div>\n\t\n\n\t<div class=\"img has-hover x md-x lg-x y md-y lg-y\" id=\"image_1599337138\">\n\t\t<a class=\"\" href=\"https:\/\/spbetvn01.com\/vit\/home\/index\/inplay?code=10197&#038;isReg=1\" >\t\t\t\t\t\t<div class=\"img-inner dark\" >\n\t\t\t<img decoding=\"async\" width=\"449\" height=\"276\" src=\"https:\/\/soya1s.site\/wp-content\/uploads\/2025\/11\/Bao-hiem.png\" class=\"attachment-large size-large\" alt=\"\" srcset=\"https:\/\/soya1s.site\/wp-content\/uploads\/2025\/11\/Bao-hiem.png 449w, https:\/\/soya1s.site\/wp-content\/uploads\/2025\/11\/Bao-hiem-300x184.png 300w\" sizes=\"(max-width: 449px) 100vw, 449px\" \/>\t\t\t\t\t\t\n\t\t\t\t\t<\/div>\n\t\t\t\t\t\t<\/a>\t\t\n<style>\n#image_1599337138 {\n  width: 100%;\n}\n<\/style>\n\t<\/div>\n\t\n\n\n\t\t<\/div>\n\t\t\t\t\t<\/div>\n\n\t\n\n\t<div id=\"col-1391089098\" class=\"col medium-6 small-6 large-6\"  >\n\t\t\t\t<div class=\"col-inner\"  >\n\t\t\t\n\t\t\t\n\n\t<div class=\"img has-hover x md-x lg-x y md-y lg-y\" id=\"image_40518066\">\n\t\t<a class=\"\" href=\"https:\/\/spbetvn01.com\/vit\/home\/index\/inplay?code=10197&#038;isReg=1\" >\t\t\t\t\t\t<div class=\"img-inner dark\" >\n\t\t\t<img decoding=\"async\" width=\"449\" height=\"276\" src=\"https:\/\/soya1s.site\/wp-content\/uploads\/2025\/11\/nap-dau-8888.png\" class=\"attachment-large size-large\" alt=\"\" srcset=\"https:\/\/soya1s.site\/wp-content\/uploads\/2025\/11\/nap-dau-8888.png 449w, https:\/\/soya1s.site\/wp-content\/uploads\/2025\/11\/nap-dau-8888-300x184.png 300w\" sizes=\"(max-width: 449px) 100vw, 449px\" \/>\t\t\t\t\t\t\n\t\t\t\t\t<\/div>\n\t\t\t\t\t\t<\/a>\t\t\n<style>\n#image_40518066 {\n  width: 100%;\n}\n<\/style>\n\t<\/div>\n\t\n\n\t<div class=\"img has-hover x md-x lg-x y md-y lg-y\" id=\"image_1181165113\">\n\t\t<a class=\"\" href=\"https:\/\/spbetvn01.com\/vit\/home\/index\/inplay?code=10197&#038;isReg=1\" >\t\t\t\t\t\t<div class=\"img-inner dark\" >\n\t\t\t<img decoding=\"async\" width=\"449\" height=\"276\" src=\"https:\/\/soya1s.site\/wp-content\/uploads\/2025\/11\/8-18-28.png\" class=\"attachment-large size-large\" alt=\"\" srcset=\"https:\/\/soya1s.site\/wp-content\/uploads\/2025\/11\/8-18-28.png 449w, https:\/\/soya1s.site\/wp-content\/uploads\/2025\/11\/8-18-28-300x184.png 300w\" sizes=\"(max-width: 449px) 100vw, 449px\" \/>\t\t\t\t\t\t\n\t\t\t\t\t<\/div>\n\t\t\t\t\t\t<\/a>\t\t\n<style>\n#image_1181165113 {\n  width: 100%;\n}\n<\/style>\n\t<\/div>\n\t\n\n\t<div class=\"img has-hover x md-x lg-x y md-y lg-y\" id=\"image_1920943817\">\n\t\t<a class=\"\" href=\"https:\/\/spbetvn01.com\/vit\/home\/index\/inplay?code=10197&#038;isReg=1\" >\t\t\t\t\t\t<div class=\"img-inner dark\" >\n\t\t\t<img decoding=\"async\" width=\"449\" height=\"276\" src=\"https:\/\/soya1s.site\/wp-content\/uploads\/2025\/11\/du-doan.png\" class=\"attachment-large size-large\" alt=\"\" srcset=\"https:\/\/soya1s.site\/wp-content\/uploads\/2025\/11\/du-doan.png 449w, https:\/\/soya1s.site\/wp-content\/uploads\/2025\/11\/du-doan-300x184.png 300w\" sizes=\"(max-width: 449px) 100vw, 449px\" \/>\t\t\t\t\t\t\n\t\t\t\t\t<\/div>\n\t\t\t\t\t\t<\/a>\t\t\n<style>\n#image_1920943817 {\n  width: 100%;\n}\n<\/style>\n\t<\/div>\n\t\n\n\n\t\t<\/div>\n\t\t\t\t\t<\/div>\n\n\t\n\n<\/div>\n<div class=\"container section-title-container\" ><h3 class=\"section-title section-title-center\"><b><\/b><span class=\"section-title-main\" style=\"color:rgb(0, 255, 255);\"><i class=\"icon-certificate\" ><\/i>SP8BET \u2013 Nh\u00e0 t\u00e0i tr\u1ee3 ch\u00ednh th\u1ee9c c\u1ee7a UEFA &amp; Brighton<\/span><b><\/b><\/h3><\/div>\n\n<div class=\"row\"  id=\"row-1150144378\">\n\n\n\t<div id=\"col-1427109167\" class=\"col medium-6 small-6 large-6\"  >\n\t\t\t\t<div class=\"col-inner\"  >\n\t\t\t\n\t\t\t\n\n\t<div id=\"text-3569429074\" class=\"text\">\n\t\t\n\n<p style=\"text-align: justify;\">\nSP8BET t\u1ef1 h\u00e0o \u0111\u1ed3ng h\u00e0nh c\u00f9ng UEFA v\u00e0 CLB Brighton &#038; Hove Albion trong h\u00e0nh tr\u00ecnh ph\u00e1t tri\u1ec3n th\u1ec3 thao to\u00e0n c\u1ea7u.<\/p>\n<p style=\"text-align: justify;\">S\u1ef1 h\u1ee3p t\u00e1c n\u00e0y kh\u1eb3ng \u0111\u1ecbnh v\u1ecb th\u1ebf c\u1ee7a SP8BET nh\u01b0 m\u1ed9t th\u01b0\u01a1ng hi\u1ec7u uy t\u00edn qu\u1ed1c t\u1ebf, ti\u00ean phong trong l\u0129nh v\u1ef1c c\u00e1 c\u01b0\u1ee3c th\u1ec3 thao.<\/p>\n\t\t\n<style>\n#text-3569429074 {\n  color: rgb(255, 255, 255);\n}\n#text-3569429074 > * {\n  color: rgb(255, 255, 255);\n}\n<\/style>\n\t<\/div>\n\t\n\n\t\t<\/div>\n\t\t\t\t\t<\/div>\n\n\t\n\n\t<div id=\"col-1266179059\" class=\"col medium-6 small-6 large-6\"  >\n\t\t\t\t<div class=\"col-inner\"  >\n\t\t\t\n\t\t\t\n\n\t<div class=\"img has-hover x md-x lg-x y md-y lg-y\" id=\"image_204701153\">\n\t\t\t\t\t\t\t\t<div class=\"img-inner dark\" >\n\t\t\t<img decoding=\"async\" width=\"776\" height=\"847\" src=\"https:\/\/soya1s.site\/wp-content\/uploads\/2025\/11\/3-soccer-player.webp\" class=\"attachment-large size-large\" alt=\"\" srcset=\"https:\/\/soya1s.site\/wp-content\/uploads\/2025\/11\/3-soccer-player.webp 776w, https:\/\/soya1s.site\/wp-content\/uploads\/2025\/11\/3-soccer-player-275x300.webp 275w, https:\/\/soya1s.site\/wp-content\/uploads\/2025\/11\/3-soccer-player-768x838.webp 768w\" sizes=\"(max-width: 776px) 100vw, 776px\" \/>\t\t\t\t\t\t\n\t\t\t\t\t<\/div>\n\t\t\t\t\t\t\t\t\n<style>\n#image_204701153 {\n  width: 100%;\n}\n<\/style>\n\t<\/div>\n\t\n\n\t<div class=\"img has-hover x md-x lg-x y md-y lg-y\" id=\"image_1415586361\">\n\t\t\t\t\t\t\t\t<div class=\"img-inner dark\" >\n\t\t\t<img decoding=\"async\" width=\"746\" height=\"1024\" src=\"https:\/\/soya1s.site\/wp-content\/uploads\/2025\/11\/3-trophy-746x1024.webp\" class=\"attachment-large size-large\" alt=\"\" srcset=\"https:\/\/soya1s.site\/wp-content\/uploads\/2025\/11\/3-trophy-746x1024.webp 746w, https:\/\/soya1s.site\/wp-content\/uploads\/2025\/11\/3-trophy-219x300.webp 219w, https:\/\/soya1s.site\/wp-content\/uploads\/2025\/11\/3-trophy-768x1054.webp 768w, https:\/\/soya1s.site\/wp-content\/uploads\/2025\/11\/3-trophy.webp 960w\" sizes=\"(max-width: 746px) 100vw, 746px\" \/>\t\t\t\t\t\t\n\t\t\t\t\t<\/div>\n\t\t\t\t\t\t\t\t\n<style>\n#image_1415586361 {\n  width: 100%;\n}\n<\/style>\n\t<\/div>\n\t\n\n\n\t\t<\/div>\n\t\t\t\t\t<\/div>\n\n\t\n\n<\/div>\n\n\t\t<\/div>\n\n\t\t\n<style>\n#section_1246539772 {\n  padding-top: 30px;\n  padding-bottom: 30px;\n  background-color: #10192c;\n}\n#section_1246539772 .section-bg-overlay {\n  background-color: #10192c;\n}\n<\/style>\n\t<\/section>\n\t\n\n","protected":false},"excerpt":{"rendered":"","protected":false},"author":1,"featured_media":0,"parent":0,"menu_order":0,"comment_status":"closed","ping_status":"closed","template":"page-blank-landingpage.php","meta":{"footnotes":""},"class_list":["post-54","page","type-page","status-publish","hentry"],"_links":{"self":[{"href":"https:\/\/soya1s.site\/index.php\/wp-json\/wp\/v2\/pages\/54","targetHints":{"allow":["GET"]}}],"collection":[{"href":"https:\/\/soya1s.site\/index.php\/wp-json\/wp\/v2\/pages"}],"about":[{"href":"https:\/\/soya1s.site\/index.php\/wp-json\/wp\/v2\/types\/page"}],"author":[{"embeddable":true,"href":"https:\/\/soya1s.site\/index.php\/wp-json\/wp\/v2\/users\/1"}],"replies":[{"embeddable":true,"href":"https:\/\/soya1s.site\/index.php\/wp-json\/wp\/v2\/comments?post=54"}],"version-history":[{"count":92,"href":"https:\/\/soya1s.site\/index.php\/wp-json\/wp\/v2\/pages\/54\/revisions"}],"predecessor-version":[{"id":265,"href":"https:\/\/soya1s.site\/index.php\/wp-json\/wp\/v2\/pages\/54\/revisions\/265"}],"wp:attachment":[{"href":"https:\/\/soya1s.site\/index.php\/wp-json\/wp\/v2\/media?parent=54"}],"curies":[{"name":"wp","href":"https:\/\/api.w.org\/{rel}","templated":true}]}}